ber?
False
Is 9293 a composite number?
False
Is 7411 a prime number?
True
Is 879 a composite number?
True
Is 22247 a composite number?
False
Is 135893 a prime number?
True
Is 122887 prime?
True
Is 80537 a prime number?
True
Is 196907 prime?
True
Is 997769 a prime number?
True
Is 13927 a prime number?
False
Is 8677 composite?
False
Is 46195 prime?
False
Is 36679 prime?
False
Is 194 composite?
True
Is 166435 prime?
False
Is 5039 composite?
False
Is 1159951 a composite number?
True
Is 76631 a prime number?
True
Is 68717 a prime number?
False
Is 106999 a prime number?
False
Is 8653 prime?
False
Is 1116145 a composite number?
True
Is 1361 prime?
True
Is 51941 prime?
True
Is 290107 composite?
False
Is 2589829 composite?
True
Is 92915 prime?
False
Is 296917 composite?
True
Is 7985 prime?
False
Is 16181 a prime number?
False
Is 391 a composite number?
True
Is 2741483 prime?
True
Is 1456267 prime?
True
Is 78413 composite?
True
Is 29897 a prime number?
False
Is 257365 composite?
True
Is 119837 prime?
False
Is 11801 a composite number?
False
Is 48337 prime?
True
Is 4133 a composite number?
False
Is 15307 a prime number?
True
Is 3943 prime?
True
Is 851507 a composite number?
False
Is 173378 composite?
True
Is 1041 composite?
True
Is 16673 a prime number?
True
Is 1743085 a composite number?
True
Is 1003 a prime number?
False
Is 8885 prime?
False
Is 1643081 prime?
False
Is 336343 composite?
True
Is 3199 prime?
False
Is 2323 composite?
True
Is 211477 composite?
True
Is 768245 composite?
True
Is 108133 a composite number?
True
Is 54206 a composite number?
True
Is 10427 composite?
False
Is 100333 composite?
False
Is 152459 prime?
True
Is 13 composite?
False
Is 398057 composite?
True
Is 254 a composite number?
True
Is 105467 a prime number?
True
Is 67021 a composite number?
False
Is 15815 prime?
False
Is 216409 prime?
False
Is 694 prime?
False
Is 164915 composite?
True
Is 138445 composite?
True
Is 2617669 prime?
False
Is 119591 composite?
False
Is 293 a prime number?
True
Is 60589 a composite number?
False
Is 76697 a prime number?
True
Is 3793 composite?
False
Is 332455 a prime number?
False
Is 12373 composite?
False
Is 17159 composite?
False
Is 1070849 a prime number?
False
Is 10294 prime?
False
Is 66487 a composite number?
True
Is 22769 a composite number?
False
Is 63193 a prime number?
False
Is 2081 a prime number?
True
Is 1338123 composite?
True
Is 229486 a prime number?
False
Is 7283 a prime number?
True
Is 15493 composite?
False
Is 4243571 a composite number?
False
Is 14741 composite?
False
Is 448279 a prime number?
False
Is 8657 a composite number?
True
Is 73417 a composite number?
False
Is 7913 a composite number?
True
Is 105511 a prime number?
False
Is 713 prime?
False
Is 654929 a composite number?
True
Is 176006 prime?
False
Is 4201 a composite number?
False
Is 5754791 a composite number?
True
Is 6389 a prime number?
True
Is 1561343 a prime number?
False
Is 145889 a composite number?
True
Is 82057 a prime number?
False
Is 104087 a prime number?
True
Is 93787 composite?
False
Is 4861 prime?
True
Is 251 a composite number?
False
Is 7336267 prime?
True
Is 25997 a composite number?
False
Is 10133 composite?
False
Is 1827866 a prime number?
False
Is 21089 composite?
False
Is 45403 a prime number?
True
Is 6959 a composite number?
False
Is 190303 a prime number?
False
Is 2159 prime?
False
Is 525913 a prime number?
True
Is 22793 prime?
False
Is 1223 prime?
True
Is 9313 a composite number?
True
Is 25741 a prime number?
True
Is 26981 a prime number?
True
Is 2947043 a prime number?
False
Is 6521 prime?
True
Is 343727 composite?
False
Is 19715 a prime number?
False
Is 10831 composite?
False
Is 6101 a prime number?
True
Is 642269 prime?
False
Is 319042 a prime number?
False
Is 15817 a composite number?
False
Is 24253 prime?
False
Is 255313 prime?
True
Is 237187 a composite number?
True
Is 31511 composite?
False
Is 72533 a composite number?
False
Is 1291447 a composite number?
False
Is 7993 a composite number?
False
Is 24733 a prime number?
True
Is 20687 a prime number?
False
Is 4531 prime?
False
Is 13217 a composite number?
False
Is 1250593 prime?
True
Is 36209 composite?
False
Is 901 a prime number?
False
Is 575827 composite?
True
Is 727 composite?
False
Is 2965211 a composite number?
False
Is 6959 composite?
False
Is 14809 a composite number?
True
Is 58633 composite?
True
Is 19597 a composite number?
False
Is 16201 composite?
True
Is 5701 a composite number?
False
Is 1734277 a composite number?
False
Is 132323 prime?
False
Is 1107769 prime?
False
Is 97511 a composite number?
False
Is 907 composite?
False
Is 13639 composite?
True
Is 164473 a prime number?
False
Is 920237 a composite number?
True
Is 697351 composite?
False
Is 37 a composite number?
False
Is 208189 a composite number?
False
Is 1261459 prime?
True
Is 389 composite?
False
Is 907 composite?
False
Is 30067 prime?
False
Is 53177 prime?
False
Is 98446 a composite number?
True
Is 152459 a prime number?
True
Is 20921 composite?
False
Is 8543 a prime number?
True
Is 110513 composite?
True
Is 32962 a composite number?
True
Is 8147 a composite number?
False
Is 1510271 a composite number?
True
Is 7217 composite?
True
Is 223787 prime?
False
Is 82435 composite?
True
Is 87977 composite?
False
Is 133241 a prime number?
True
Is 124067 prime?
True
Is 1463127 a composite number?
True
Is 119771 prime?
True
Is 100615 prime?
False
Is 7403 composite?
True
Is 146563 a composite number?
False
Is 24751 a composite number?
True
Is 1145381 a composite number?
False
Is 2437 composite?
False
Is 16309 prime?
False
Is 418993 composite?
False
Is 8158 prime?
False
Is 19547 a prime number?
False
Is 3817 a composite number?
True
Is 135259 a composite number?
True
Is 859841 prime?
True
Is 5029 composite?
True
Is 17291 a prime number?
True
Is 657669 a prime number?
False
Is 26045 prime?
False
Is 36949 a prime number?
False
Is 8129 prime?
False
Is 150343 a composite number?
False
Is 1982 a prime number?
False
Is 33401 composite?
True
Is 719197 prime?
True
Is 1860799 a prime number?
True
Is 23849 composite?
True
Is 97813 a composite number?
False
Is 136841 a composite number?
False
Is 75401 a composite number?
False
Is 253691 a prime number?
False
Is 31367 prime?
False
Is 639043 a prime number?
True
Is 52837 a composite number?
False
Is 1293289 prime?
False
Is 809 a prime number?
True
Is 141991 composite?
False
Is 11957 a prime number?
False
Is 61003 prime?
False
Is 508709 a composite number?
False
Is 45829 prime?
False
Is 15451 a prime number?
True
Is 43557 a prime number?
False
Is 646213 a prime number?
False
Is 1976435 a composite number?
True
Is 1523 a composite number?
False
Is 273233 prime?
True
Is 349519 a prime number?
True
Is 2039 composite?
False
Is 627449 a composite number?
False
Is 1751 a prime number?
False
Is 7867 a prime number?
True
Is 1631401 composite?
True
Is 9649 a prime number?
True
Is 10713 a composite number?
True
Is 103577 a composite number?
False
Is 373 composite?
False
Is 72209 prime?
False
Is 6563 a prime number?
True
Is 766163 a composite number?
False
Is 1580959 composite?
False
Is 5899 composite?
True
Is 2253 a prime number?
False
Is 1562449 a prime number?
False
Is 701 composite?
False
Is 15253 a composite number?
True
Is 7754 composite?
True
Is 191969 prime?
True
Is 692749 a composite number?
True
Is 253229 prime?
True
Is 21169 a prime number?
True
Is 639959 prime?
True
Is 7829 a prime number?
True
Is 24419 a composite number?
False
Is 902729 a composite number?
True
Is 23399 composite?
False
Is 1157503 a prime number?
True
Is 832027 prime?
False
Is 289 prime?
False
Is 251 composite?
False
Is 7237 prime?
True
Is 21531 composite?
True
Is 82361 a prime number?
True
Is 496399 a prime number?
True
Is 1108021 composite?
False
Is 47029 prime?
False
Is 110221 prime?
True
Is 36973 a prime number?
True
Is 39367 a prime number?
True
Is 7349 a prime number?
True
Is 23847 prime?
False
Is 11369 composite?
False
Is 574597 a composite number?
False
Is 4321 a prime number?
False
Is 21703 a prime number?
False
Is 21797 a composite number?
True
Is 3821 a composite number?
False
Is 35671 prime?
True
Is 59089 prime?
False
Is 327571 a composite number?
False
Is 9173 composite?
False
Is 55039 a prime number?
False
Is 204